{"id":154,"date":"2017-08-21T14:38:07","date_gmt":"2017-08-21T12:38:07","guid":{"rendered":"https:\/\/genseq.umontpellier.fr\/WordPress\/?page_id=154"},"modified":"2025-04-30T13:58:15","modified_gmt":"2025-04-30T11:58:15","slug":"prestations-2","status":"publish","type":"page","link":"https:\/\/genseq.umontpellier.fr\/WordPress\/prestations-2\/","title":{"rendered":"Prestations"},"content":{"rendered":"<h4>Pr\u00e9paration de banques pour NGS<\/h4>\n<p>GenSeq propose un service de fabrication de banques de fragments d&rsquo;ADN s\u00e9quen\u00e7ables sur plateforme Illumina.<\/p>\n<ul>\n<li>Banques d&rsquo;amplicons \u00e0 partir de produits de PCR pr\u00e9par\u00e9s \u00e0 l&rsquo;ext\u00e9rieur. Ces produits sont purifi\u00e9s, index\u00e9s puis multiplex\u00e9s en vue de leur s\u00e9quen\u00e7age sur notre s\u00e9quenceur MiSeq ou sur d&rsquo;autres plateformes Illumina.<\/li>\n<li>Banques g\u00e9nomiques \u00e0 partir d&rsquo;ADN g\u00e9nomique eucaryote ou procaryote. L&rsquo;ADN est fragment\u00e9 et index\u00e9 gr\u00e2ce \u00e0 une r\u00e9action enzymatique. Les produits sont \u00e9galement s\u00e9quen\u00e7ables sur plateforme Illumina.<\/li>\n<li>Banques haplotagging qui permets de faire du s\u00e9quen\u00e7age de type longs fragments \u00e0 partir de short-reads en marquent les reads qui proviennent d&rsquo;une m\u00eame mol\u00e9cule initiale.<\/li>\n<li>\u00a0<\/li>\n<\/ul>\n<h4>S\u00e9quen\u00e7age de banques pr\u00eates \u00e0 charger<\/h4>\n<p>GenSeq proc\u00e8de au s\u00e9quen\u00e7age de banques de fragments pr\u00e9par\u00e9es en dehors du plateau. Il peut \u00e9galement r\u00e9aliser le dosage qPCR final si celui-ci n&rsquo;a pas \u00e9t\u00e9 d\u00e9j\u00e0 fait.<\/p>\n<p>Dans tous les cas une <a href=\"https:\/\/genseq.umontpellier.fr\/WordPress\/reservation-equipements\/\"><strong>prise de contact<\/strong><\/a> individualis\u00e9e est indispensable.<\/p>\n\n\n<p><\/p>\n","protected":false},"excerpt":{"rendered":"<p>Pr\u00e9paration de banques pour NGS GenSeq propose un service de fabrication de banques de fragments d&rsquo;ADN s\u00e9quen\u00e7ables sur plateforme Illumina. Banques d&rsquo;amplicons \u00e0 partir de produits de PCR pr\u00e9par\u00e9s \u00e0 l&rsquo;ext\u00e9rieur. Ces produits sont purifi\u00e9s, index\u00e9s puis multiplex\u00e9s en vue de leur s\u00e9quen\u00e7age sur notre s\u00e9quenceur MiSeq ou sur d&rsquo;autres plateformes Illumina. Banques g\u00e9nomiques \u00e0 [&hellip;]<\/p>\n","protected":false},"author":1,"featured_media":280,"parent":0,"menu_order":0,"comment_status":"closed","ping_status":"closed","template":"","meta":{"footnotes":""},"class_list":["post-154","page","type-page","status-publish","has-post-thumbnail","hentry"],"_links":{"self":[{"href":"https:\/\/genseq.umontpellier.fr\/WordPress\/wp-json\/wp\/v2\/pages\/154","targetHints":{"allow":["GET"]}}],"collection":[{"href":"https:\/\/genseq.umontpellier.fr\/WordPress\/wp-json\/wp\/v2\/pages"}],"about":[{"href":"https:\/\/genseq.umontpellier.fr\/WordPress\/wp-json\/wp\/v2\/types\/page"}],"author":[{"embeddable":true,"href":"https:\/\/genseq.umontpellier.fr\/WordPress\/wp-json\/wp\/v2\/users\/1"}],"replies":[{"embeddable":true,"href":"https:\/\/genseq.umontpellier.fr\/WordPress\/wp-json\/wp\/v2\/comments?post=154"}],"version-history":[{"count":9,"href":"https:\/\/genseq.umontpellier.fr\/WordPress\/wp-json\/wp\/v2\/pages\/154\/revisions"}],"predecessor-version":[{"id":835,"href":"https:\/\/genseq.umontpellier.fr\/WordPress\/wp-json\/wp\/v2\/pages\/154\/revisions\/835"}],"wp:featuredmedia":[{"embeddable":true,"href":"https:\/\/genseq.umontpellier.fr\/WordPress\/wp-json\/wp\/v2\/media\/280"}],"wp:attachment":[{"href":"https:\/\/genseq.umontpellier.fr\/WordPress\/wp-json\/wp\/v2\/media?parent=154"}],"curies":[{"name":"wp","href":"https:\/\/api.w.org\/{rel}","templated":true}]}}