{"id":237,"date":"2018-11-20T14:55:06","date_gmt":"2018-11-20T13:55:06","guid":{"rendered":"https:\/\/genseq.umontpellier.fr\/WordPress\/?page_id=237"},"modified":"2025-04-30T13:56:21","modified_gmt":"2025-04-30T11:56:21","slug":"prestations","status":"publish","type":"page","link":"https:\/\/genseq.umontpellier.fr\/WordPress\/prestations\/","title":{"rendered":"Pr\u00e9sentation"},"content":{"rendered":"<p><strong>GenSeq <\/strong>dispose des \u00e9quipements n\u00e9cessaires au g\u00e9notypage et s\u00e9quen\u00e7age classiques utilis\u00e9s pour l\u2019analyse de la biodiversit\u00e9 \u00e0 l\u2019aide de marqueurs mol\u00e9culaires, ainsi que d\u2019automates destin\u00e9s \u00e0 la manipulation d&rsquo;\u00e9chantillons biologiques et la pr\u00e9paration haut-d\u00e9bit d&rsquo;extraits d\u2019acides nucl\u00e9iques. Il propose \u00e9galement certains outils pour la fabrication de banques de fragments g\u00e9nomiques en vue du g\u00e9notypage par s\u00e9quen\u00e7age massif ainsi qu&rsquo;un service de pr\u00e9paration de banques d&rsquo;amplicon sur s\u00e9quenceur haut-d\u00e9bit.<\/p>\n<p>Le plateau assure une veille technologique, l\u2019accueil et la formation de nombreux personnels (\u00e9tudiants, techniciens, chercheurs) issus des communaut\u00e9s scientifiques montpelli\u00e9raine, nationale et internationale.<\/p>\n<p>Plusieurs technologies y sont propos\u00e9es:<\/p>\n<ul>\n<li>Extractions haut-d\u00e9bit d\u2019acides nucl\u00e9iques de qualit\u00e9 g\u00e9nomique.<\/li>\n<li>\u00c9lectrophor\u00e8se capillaire pour le contr\u00f4le qualit\u00e9 de pr\u00e9parations d&rsquo;ADN (Banques, ARN, Longs Fragments ADN).<\/li>\n<li>Fragmentation de mol\u00e9cules par ultra-son pour la pr\u00e9paration de banques d\u2019ADN g\u00e9nomique.<\/li>\n<li>\u00a0Manipulation et pr\u00e9paration automatis\u00e9e d&rsquo;\u00e9chantillons ou extraits biologiques pour leur analyses.<\/li>\n<li>\u00a0S\u00e9quen\u00e7age nouvelle g\u00e9n\u00e9ration sur s\u00e9quenceur MiSeq d\u2019Illumina.<\/li>\n<\/ul>\n\n\n<p><\/p>\n\n\n\n<p><\/p>\n\n\n\n<p><\/p>\n","protected":false},"excerpt":{"rendered":"<p>GenSeq dispose des \u00e9quipements n\u00e9cessaires au g\u00e9notypage et s\u00e9quen\u00e7age classiques utilis\u00e9s pour l\u2019analyse de la biodiversit\u00e9 \u00e0 l\u2019aide de marqueurs mol\u00e9culaires, ainsi que d\u2019automates destin\u00e9s \u00e0 la manipulation d&rsquo;\u00e9chantillons biologiques et la pr\u00e9paration haut-d\u00e9bit d&rsquo;extraits d\u2019acides nucl\u00e9iques. Il propose \u00e9galement certains outils pour la fabrication de banques de fragments g\u00e9nomiques en vue du g\u00e9notypage par [&hellip;]<\/p>\n","protected":false},"author":1,"featured_media":0,"parent":0,"menu_order":0,"comment_status":"closed","ping_status":"closed","template":"","meta":{"footnotes":""},"class_list":["post-237","page","type-page","status-publish","hentry"],"_links":{"self":[{"href":"https:\/\/genseq.umontpellier.fr\/WordPress\/wp-json\/wp\/v2\/pages\/237","targetHints":{"allow":["GET"]}}],"collection":[{"href":"https:\/\/genseq.umontpellier.fr\/WordPress\/wp-json\/wp\/v2\/pages"}],"about":[{"href":"https:\/\/genseq.umontpellier.fr\/WordPress\/wp-json\/wp\/v2\/types\/page"}],"author":[{"embeddable":true,"href":"https:\/\/genseq.umontpellier.fr\/WordPress\/wp-json\/wp\/v2\/users\/1"}],"replies":[{"embeddable":true,"href":"https:\/\/genseq.umontpellier.fr\/WordPress\/wp-json\/wp\/v2\/comments?post=237"}],"version-history":[{"count":8,"href":"https:\/\/genseq.umontpellier.fr\/WordPress\/wp-json\/wp\/v2\/pages\/237\/revisions"}],"predecessor-version":[{"id":834,"href":"https:\/\/genseq.umontpellier.fr\/WordPress\/wp-json\/wp\/v2\/pages\/237\/revisions\/834"}],"wp:attachment":[{"href":"https:\/\/genseq.umontpellier.fr\/WordPress\/wp-json\/wp\/v2\/media?parent=237"}],"curies":[{"name":"wp","href":"https:\/\/api.w.org\/{rel}","templated":true}]}}